{"id":8,"date":"2019-04-18T18:15:07","date_gmt":"2019-04-18T15:15:07","guid":{"rendered":"http:\/\/www.atica.ee\/?page_id=8"},"modified":"2022-11-28T11:45:05","modified_gmt":"2022-11-28T09:45:05","slug":"home","status":"publish","type":"page","link":"https:\/\/www.atica.ee\/","title":{"rendered":"Atica Penthouse"},"content":{"rendered":"<p><span style=\"color: #000080;\">Disaineri poolt kujundatud, Aasiast toodud autentsete detailidega ainulaadne penthouse t\u00fc\u00fcpi kesklinnakorter. <\/span><\/p>\n<p style=\"text-align: left;\"><span style=\"color: #000080;\">60m\u00b2 korterit \u00fcmbritseb 80m\u00b2 terrass millel hea vaade s\u00fcdalinnale.\u00a0<\/span><span style=\"font-size: revert; color: #0000ff;\"><span style=\"color: #000080;\">Terrassil on s\u00f6\u00f6gilaud toolide ja grilliga, Eraparklas koht \u00fchele autole hinnas ja tasuta Wi-Fi-\u00fchendus terves korteris<\/span>.<\/span><\/p>\n<div id=\"summary\" class=\"\" data-et-view=\"\">\n<div id=\"property_description_content\">\n<p><span style=\"color: #000080;\">Magamistuba on laia king-size voodiga, Elutoas lameekraaniga televiisor koos lahtik\u00e4iva voodiga 2-le. Pesemisruumis du\u0161\u0161, WC ja pesumasin. K\u00f6\u00f6gis on n\u00f5udepesumasin, mikrolaineahi ja k\u00f5ik muu vajalik et ise s\u00fc\u00fca valmistada<\/span>.<\/p>\n<p><span style=\"color: #000080;\">Atica Penthouse paikneb rahvusooperist Estonia 1,4 km ja Kadrioru kunstimuuseumist 2 km kaugusel. Tallinna rahvusvaheline bussijaam umbes 1 km kaugusel. L\u00e4him lennujaam on Lennart Meri Tallinna lennujaam, mis j\u00e4\u00e4b 2,8 km kaugusele. Autoga Tallinna lennujaama j\u00f5uab ka tipptunnil 10-e minutiga. K\u00fclastajatele pakutakse ettetellimisel tasulist lennujaamatransporti.\u00a0<\/span><\/p>\n<\/div>\n<\/div>\n<p class=\"summary  hotel_meta_style\"><span class=\"hp-desc-highlighted\"><span style=\"color: #000080;\">Atica Penthouse on k\u00fclastajaid vastu v\u00f5tnud alates 26. m\u00e4rts 2019<\/span>.<\/span><\/p>\n\n\n<div class=\"wp-block-group\"><div class=\"wp-block-group__inner-container is-layout-flow wp-block-group-is-layout-flow\"><style type=\"text\/css\" scoped>.rbs_gallery_69fdd53dc729cSpinner{\r\n\t\t\t\tmargin: 50px auto;\r\n\t\t\t\twidth: 50px;\r\n\t\t\t\theight: 40px;\r\n\t\t\t\ttext-align: center;\r\n\t\t\t\tfont-size: 10px;\r\n\t\t\t}\r\n\t\t\t.rbs_gallery_69fdd53dc729cSpinner > div{\r\n\t\t\t  background-color: #333;\r\n\t\t\t  height: 100%;\r\n\t\t\t  width: 6px;\r\n\t\t\t  display: inline-block;\r\n\t\t\t  -webkit-animation: rbs_gallery_69fdd53dc729c-stretchdelay 1.2s infinite ease-in-out;\r\n\t\t\t  animation: rbs_gallery_69fdd53dc729c-stretchdelay 1.2s infinite ease-in-out;\r\n\t\t\t}\r\n\t\t\t.rbs_gallery_69fdd53dc729cSpinner .rbs_gallery_69fdd53dc729cRect2 {\r\n\t\t\t  -webkit-animation-delay: -1.1s;\r\n\t\t\t  animation-delay: -1.1s;\r\n\t\t\t}\r\n\t\t\t.rbs_gallery_69fdd53dc729cSpinner .rbs_gallery_69fdd53dc729cRect3 {\r\n\t\t\t  -webkit-animation-delay: -1.0s;\r\n\t\t\t  animation-delay: -1.0s;\r\n\t\t\t}\r\n\t\t\t.rbs_gallery_69fdd53dc729cSpinner .rbs_gallery_69fdd53dc729cRect4 {\r\n\t\t\t  -webkit-animation-delay: -0.9s;\r\n\t\t\t  animation-delay: -0.9s;\r\n\t\t\t}\r\n\t\t\t.rbs_gallery_69fdd53dc729cSpinner .rbs_gallery_69fdd53dc729cRect5 {\r\n\t\t\t  -webkit-animation-delay: -0.8s;\r\n\t\t\t  animation-delay: -0.8s;\r\n\t\t\t}\r\n\t\t\t@-webkit-keyframes rbs_gallery_69fdd53dc729c-stretchdelay {\r\n\t\t\t  0%, 40%, 100% { -webkit-transform: scaleY(0.4) }  \r\n\t\t\t  20% { -webkit-transform: scaleY(1.0) }\r\n\t\t\t}\r\n\t\t\t@keyframes rbs_gallery_69fdd53dc729c-stretchdelay {\r\n\t\t\t  0%, 40%, 100% { \r\n\t\t\t    transform: scaleY(0.4);\r\n\t\t\t    -webkit-transform: scaleY(0.4);\r\n\t\t\t  }  20% { \r\n\t\t\t    transform: scaleY(1.0);\r\n\t\t\t    -webkit-transform: scaleY(1.0);\r\n\t\t\t  }\r\n\t\t\t}\r\n\t\t<\/style><div id=\"robo-gallery-slider-wraprbs_gallery_69fdd53dc729c\" class=\"robo-gallery-slider-wrap robo-gallery-slider-wrap-id233 robo-gallery-slider\"><div id=\"rbs_gallery_69fdd53dc729c-block-loader\" class=\"rbs_gallery_69fdd53dc729cSpinner\"><div class=\"rbs_gallery_69fdd53dc729cRect1\"><\/div> <div class=\"rbs_gallery_69fdd53dc729cRect2\"><\/div> <div class=\"rbs_gallery_69fdd53dc729cRect3\"><\/div> <div class=\"rbs_gallery_69fdd53dc729cRect4\"><\/div> <div class=\"rbs_gallery_69fdd53dc729cRect5\"><\/div><\/div><div id=\"robo-gallery-slider-block-rbs_gallery_69fdd53dc729c\"  data-options=\"rbs_gallery_69fdd53dc729c\" \r\n\t\t\t\t\tclass=\"swiper-container robo-gallery-slider-container robo-gallery-slider-233\" \r\n\t\t\t\t\tstyle=\"width:100%;  display: none;\"\r\n\t\t\t\t\t\r\n\t\t\t\t><div id=\"rbs_gallery_69fdd53dc729c\" class=\"swiper-wrapper robo-slider-gallery  \"><div class=\"swiper-slide  \" \r\n \t\t\t\t\tstyle=\"background-image:url('https:\/\/www.atica.ee\/wp-content\/uploads\/2019\/04\/cropped-cropped-Atica-pilt-1-1.jpg');\" ><\/div><div class=\"swiper-slide  \" \r\n \t\t\t\t\tstyle=\"background-image:url('https:\/\/www.atica.ee\/wp-content\/uploads\/2019\/05\/39.jpg');\" ><\/div><div class=\"swiper-slide  \" \r\n \t\t\t\t\tstyle=\"background-image:url('https:\/\/www.atica.ee\/wp-content\/uploads\/2019\/05\/35.jpg');\" ><\/div><div class=\"swiper-slide  \" \r\n \t\t\t\t\tstyle=\"background-image:url('https:\/\/www.atica.ee\/wp-content\/uploads\/2019\/05\/38.jpg');\" ><\/div><div class=\"swiper-slide  \" \r\n \t\t\t\t\tstyle=\"background-image:url('https:\/\/www.atica.ee\/wp-content\/uploads\/2019\/05\/31.jpg');\" ><\/div><div class=\"swiper-slide  \" \r\n \t\t\t\t\tstyle=\"background-image:url('https:\/\/www.atica.ee\/wp-content\/uploads\/2019\/05\/32.jpg');\" ><\/div><div class=\"swiper-slide  \" \r\n \t\t\t\t\tstyle=\"background-image:url('https:\/\/www.atica.ee\/wp-content\/uploads\/2019\/05\/41.jpg');\" ><\/div><div class=\"swiper-slide  \" \r\n \t\t\t\t\tstyle=\"background-image:url('https:\/\/www.atica.ee\/wp-content\/uploads\/2019\/05\/37.jpg');\" ><\/div><div class=\"swiper-slide  \" \r\n \t\t\t\t\tstyle=\"background-image:url('https:\/\/www.atica.ee\/wp-content\/uploads\/2019\/05\/42.jpg');\" ><\/div><div class=\"swiper-slide  \" \r\n \t\t\t\t\tstyle=\"background-image:url('https:\/\/www.atica.ee\/wp-content\/uploads\/2019\/05\/36.jpg');\" ><\/div><div class=\"swiper-slide  \" \r\n \t\t\t\t\tstyle=\"background-image:url('https:\/\/www.atica.ee\/wp-content\/uploads\/2019\/05\/34.jpg');\" ><\/div><div class=\"swiper-slide  \" \r\n \t\t\t\t\tstyle=\"background-image:url('https:\/\/www.atica.ee\/wp-content\/uploads\/2019\/05\/33.jpg');\" ><\/div><div class=\"swiper-slide  \" \r\n \t\t\t\t\tstyle=\"background-image:url('https:\/\/www.atica.ee\/wp-content\/uploads\/2019\/05\/27.jpg');\" ><\/div><div class=\"swiper-slide  \" \r\n \t\t\t\t\tstyle=\"background-image:url('https:\/\/www.atica.ee\/wp-content\/uploads\/2019\/05\/28.jpg');\" ><\/div><\/div><div class=\"swiper-button-prev\"><\/div><div class=\"swiper-button-next\"><\/div><div class=\"swiper-scrollbar\"><\/div><div class=\"swiper-pagination\"><\/div><\/div><\/div><script>var rbs_gallery_69fdd53dc729c = {\"version\":\"5.1.4\",\"id\":233,\"class\":\"id233\",\"roboGalleryDelay\":1000,\"mainContainer\":\"#robo_gallery_main_block_rbs_gallery_69fdd53dc729c\",\"loadingContainer\":\"#rbs_gallery_69fdd53dc729c-block-loader\",\"loadingContainerObj\":\"rbs_gallery_69fdd53dc729c-block-loader\",\"loop\":true,\"centeredSlides\":true,\"autoplay\":{\"delay\":3000,\"disableOnInteraction\":false},\"preloadImages\":true,\"updateOnImagesReady\":true,\"effect\":\"slide\",\"direction\":\"horizontal\",\"navigation\":{\"nextEl\":\".swiper-button-next\",\"prevEl\":\".swiper-button-prev\"},\"scrollbar\":{\"el\":\".swiper-scrollbar\",\"draggable\":true},\"pagination\":{\"el\":\".swiper-pagination\",\"type\":\"bullets\",\"clickable\":true,\"dynamicBullets\":true},\"wrapContainer\":\"#robo-gallery-wrap-rbs_gallery_69fdd53dc729c\"};<\/script><\/div><\/div>\n","protected":false},"excerpt":{"rendered":"<p>Disaineri poolt kujundatud, Aasiast toodud autentsete detailidega ainulaadne penthouse t\u00fc\u00fcpi kesklinnakorter. 60m\u00b2 korterit \u00fcmbritseb 80m\u00b2 terrass millel hea vaade s\u00fcdalinnale.\u00a0Terrassil on s\u00f6\u00f6gilaud toolide ja grilliga, Eraparklas koht \u00fchele autole hinnas ja tasuta Wi-Fi-\u00fchendus terves korteris. Magamistuba on laia king-size voodiga, Elutoas lameekraaniga televiisor koos lahtik\u00e4iva voodiga 2-le. Pesemisruumis du\u0161\u0161, WC ja pesumasin. K\u00f6\u00f6gis on n\u00f5udepesumasin, &hellip; <\/p>\n<p class=\"link-more\"><a href=\"https:\/\/www.atica.ee\/\" class=\"more-link\">Continue reading<span class=\"screen-reader-text\"> \"Atica Penthouse\"<\/span><\/a><\/p>\n","protected":false},"author":2,"featured_media":113,"parent":0,"menu_order":0,"comment_status":"closed","ping_status":"closed","template":"","meta":{"footnotes":""},"class_list":["post-8","page","type-page","status-publish","has-post-thumbnail","hentry"],"aioseo_notices":[],"_links":{"self":[{"href":"https:\/\/www.atica.ee\/index.php\/wp-json\/wp\/v2\/pages\/8","targetHints":{"allow":["GET"]}}],"collection":[{"href":"https:\/\/www.atica.ee\/index.php\/wp-json\/wp\/v2\/pages"}],"about":[{"href":"https:\/\/www.atica.ee\/index.php\/wp-json\/wp\/v2\/types\/page"}],"author":[{"embeddable":true,"href":"https:\/\/www.atica.ee\/index.php\/wp-json\/wp\/v2\/users\/2"}],"replies":[{"embeddable":true,"href":"https:\/\/www.atica.ee\/index.php\/wp-json\/wp\/v2\/comments?post=8"}],"version-history":[{"count":10,"href":"https:\/\/www.atica.ee\/index.php\/wp-json\/wp\/v2\/pages\/8\/revisions"}],"predecessor-version":[{"id":325,"href":"https:\/\/www.atica.ee\/index.php\/wp-json\/wp\/v2\/pages\/8\/revisions\/325"}],"wp:featuredmedia":[{"embeddable":true,"href":"https:\/\/www.atica.ee\/index.php\/wp-json\/wp\/v2\/media\/113"}],"wp:attachment":[{"href":"https:\/\/www.atica.ee\/index.php\/wp-json\/wp\/v2\/media?parent=8"}],"curies":[{"name":"wp","href":"https:\/\/api.w.org\/{rel}","templated":true}]}}